- 2. Calculate the remainder when 17 is divided by j(-2).
8
Suppose 0 = u - 5*u + 2*g + 122, 0 = -u + 2*g + 29. What is the remainder when u is divided by 8?
7
Suppose 3*w - 20 = 2*w. What is the remainder when 58 is divided by w?
18
Let a(w) = w**3 - 4*w**2 + 2*w + 1. Calculate the remainder when a(4) is divided by 6.
3
What is the remainder when (93/12 - 0) + 6/(-8) is divided by 2?
1
Let b = 10 - 7. Suppose b*y - 9 = -4*k - k, 2*k = 2*y - 22. Calculate the remainder when 29 is divided by y.
5
Let w = -1 - -4. Suppose 4*v - w*p - 14 - 37 = 0, -3*v + 48 = p. Suppose -3*u + v = -r - 5, r = -u + 8. What is the remainder when 18 is divided by u?
4
Let o(s) = -s + 9. What is the remainder when o(7) is divided by (1 + -3 + 1)/(-1)?
0
Suppose 3*d - 44 = 25. Suppose 67 = 4*p + d. What is the remainder when p is divided by ((-6)/5)/(11/(-55))?
5
Suppose -6*l = -128 - 130. Calculate the remainder when 213 is divided by l.
41
Calculate the remainder when 21 is divided by (14/(-1))/((-10)/5).
0
Let v(m) = 2*m - 2. Let u(l) = -14*l + 14. Let d(k) = 6*u(k) + 44*v(k). Calculate the remainder when 30 is divided by d(5).
14
Suppose -12 = -5*j + 13. Let c(o) = o + 23. Calculate the remainder when c(-10) is divided by j.
3
Suppose -3*i - h = -23, -i = -5*i - h + 32. Calculate the remainder when 13 is divided by i.
4
Let c be ((-3)/2)/((-2)/156). What is the remainder when (-3 + c/(-6))*-2 is divided by 12?
9
Let j(a) = -a**3 + 2*a**2 + 3*a - 2. Let r be j(3). Let v = r + 8. Let x(w) = -2*w**3 - 13*w**2 + 7*w + 4. Calculate the remainder when v is divided by x(-7).
2
Suppose 2*v - 4*i - 1 = v, 3 = -i. Suppose -47 = -5*n + 38. What is the remainder when 6/(-4)*v*2 is divided by n?
16
Suppose -2*o + 4*z = 14, -2*o + 3*z - 9 = -0*o. Suppose -o*h = -2 - 16. What is the remainder when 15 is divided by h?
3
Let a(q) = -q**3 + 13*q**2 - 12*q + 3. Let o be a(12). Suppose -v + o*v - 102 = 0. What is the remainder when v is divided by 13?
12
Suppose 0 = -5*v - 4 + 39. Calculate the remainder when 26 is divided by v.
5
Suppose -8*j + 1478 - 262 = 0. What is the remainder when j is divided by 11?
9
Suppose 28 - 166 = -3*m + 3*o, m = 4*o + 49. Let p be (-35)/(-10)*(2 + 0). Suppose -5 - p = -t. Calculate the remainder when m is divided by t.
9
Suppose -28 = -8*z - 6*z. What is the remainder when 12 is divided by z?
0
Let p = 80 - -54. Calculate the remainder when p is divided by 17.
15
Let y(v) = -3*v**2 + 15*v + 2. Let w be y(11). What is the remainder when 57 is divided by w/(-10) - 4/(-10)?
17
Let u = 2 - -1. Calculate the remainder when 3 is divided by u.
0
Let k = -8 - -5. Let q(l) = -l**3 - l**2 - 4. What is the remainder when q(k) is divided by 5?
4
Suppose 0 = 3*m + m - 80. Suppose 4 = -2*q - 4. What is the remainder when m is divided by (1 - 22)*q/12?
6
Suppose 3*w - 9 = 27. Suppose 3*j + 342 = 3*v, -3*v - j + 344 = -6*j. Suppose 3*l + 11 = v. What is the remainder when l is divided by w?
10
Calculate the remainder when ((-28)/6 - -5)*273 is divided by 32.
27
Let i(w) be the second derivative of -w**3/6 + 7*w**2/2 - 5*w. What is the remainder when 6 is divided by i(5)?
0
Let p(o) = -2 - 9 + 0 - 2*o. Calculate the remainder when 25 is divided by p(-9).
4
Let u = 234 - 361. Let f = 189 + u. What is the remainder when f is divided by 16?
14
Let t(l) = l + 46. Let c be t(0). Let m be ((-36)/(42/7))/(3/(-4)). Suppose m*p - 6*p = c. Calculate the remainder when p is divided by 6.
5
Suppose 12 = r + 5*z, -2*r + z = 2 + 7. Let f = r + 6. Let w = 17 + -10. Calculate the remainder when w is divided by f.
1
Let q(r) = 7*r. Let b(g) = 3*g. Let c(a) = 9*b(a) - 4*q(a). What is the remainder when 7 is divided by c(-4)?
3
Suppose 3*h - 8*h = 2*a - 4, -2*h + 3*a + 13 = 0. Suppose -t = 5*d + 13 - 38, 2*d = -3*t + 23. Calculate the remainder when d is divided by h.
0
Suppose -7 = 5*j - 202. Calculate the remainder when j is divided by (12/15)/(2/35).
11
Suppose 3*s - 5*s + 50 = 0. Suppose -32 = -3*d + s. What is the remainder when 55 is divided by d?
17
Suppose -50 + 26 = -2*n. Calculate the remainder when 45 is divided by n.
9
Suppose 125*y - 126*y = -46. What is the remainder when y is divided by 24?
22
Let o be (-9 - -10)/(1/(-2)). Calculate the remainder when 2/o + (-12)/(-1) is divided by 7.
4
Let i = 55 + -36. What is the remainder when i is divided by 5?
4
Suppose 2*l + 2*l = -5*u + 42, -24 = -2*u - 4*l. Calculate the remainder when (51/u)/(1/2) is divided by 6.
5
Suppose 45 = 3*t + 2*t. Let q = 36 - 11. What is the remainder when q is divided by t?
7
Let s(l) = -81*l**3 - 2*l - 1. What is the remainder when s(-1) is divided by 12?
10
Suppose 7*g - 2*g = 0. Suppose 3*l = 2*s + 50, 3*l = -g*s - s + 47. Calculate the remainder when l is divided by 6.
4
Suppose 0 = -4*m + 36 + 24. Let y = -8 - -14. Calculate the remainder when m is divided by y.
3
Let u = -47 - -34. Let o = u + 26. Calculate the remainder when 24 is divided by o.
11
Suppose 0 = 6*t - 112 - 50. What is the remainder when 161 is divided by t?
26
Let q be 21/2 - 1/2. Suppose -2*s + 12 = -q. Let h(a) = a**2 - 2*a - 3. What is the remainder when h(6) is divided by s?
10
Suppose 3*p + 2*z - 71 = 0, 3*p - 4*z = 9 + 38. Calculate the remainder when (1/(-2) - -2)*520/20 is divided by p.
18
Let f = 0 + 6. Let q be 4*7/((-56)/12). Calculate the remainder when f is divided by 3/q - (-25)/10.
0
What is the remainder when 31 is divided by 13/2 + (-3)/(-2)?
7
Let j = -14 - -23. Calculate the remainder when 25 is divided by j.
7
Suppose 0 = -5*q + 5 + 60. What is the remainder when 25 is divided by q?
12
Let m be (-44)/6 - (-4)/12. Let t be 178/(-5) - 10/25. Calculate the remainder when 1 is divided by (-8)/t + m/(-9).
0
Suppose 2*c - 5 = 45. Calculate the remainder when c is divided by 2.
1
Suppose 11*u + 63 = 14*u. Suppose -5*l + l + 44 = 0. Calculate the remainder when u is divided by l.
10
Suppose -2*j = j + 249. Let t = j - -193. Suppose -4*b - t = -5*c - 0*b, 4*c - 88 = -5*b. What is the remainder when 64 is divided by c?
20
What is the remainder when ((-32)/12)/(-8) + 268/6 is divided by 8?
5
Let u be 5/(-15) - 236/(-6). Let r(o) = -o**3 + o**2 - 2*o - 2. Let p be r(3). Let x = p + u. What is the remainder when 24 is divided by x?
11
Suppose 1 = -4*f + 13. Calculate the remainder when 4 is divided by f.
1
Let p be 2/4 - (-9)/(-2). Let d(s) = s**2 - s + 3. Calculate the remainder when ((-2)/p)/((-1)/(-58)) is divided by d(4).
14
Let o(d) = -d**2 + 12*d + 9. Let i(n) = -3*n**2 + 37*n + 28. Let z(k) = -2*i(k) + 7*o(k). Calculate the remainder when 19 is divided by z(10).
5
Let v = 24 + 25. What is the remainder when v is divided by 17?
15
What is the remainder when 35 is divided by (-34)/(-3) + 2/3?
11
Suppose i + 5*b - 12 = 0, 4*i + 6*b = 2*b + 16. Suppose -h + 3*u - u = -47, 0 = -i*h - 3*u + 87. What is the remainder when h is divided by 16?
13
Calculate the remainder when 48 is divided by (-12 - -19) + 0 + 0.
6
Let t(y) = -16*y**2 + 1. Let h be t(-1). What is the remainder when (1/2)/((-1)/(-20)) is divided by ((-4)/(-5))/((-3)/h)?
2
Let v(p) = -p - 2. Let l be v(-2). Suppose l = 2*o - 0*o - 8, -3*r - 4*o = -130. Calculate the remainder when r is divided by 20.
18
Let a be 3 - (-2 - (2 + -2)). Let l = a - 2. Calculate the remainder when 5 is divided by l.
2
Let d(j) = 11*j**3 - 2*j**2 + 1. Let o be d(1). Let a = -8 + o. Calculate the remainder when 2 is divided by a.
0
Suppose -4*z = i - 27, 3*z - 7*i + 3*i = 25. Calculate the remainder when 60 is divided by z.
4
Let f = -1 + 1. Suppose -5*b - 4*a - 1 = 5, b + 3*a + 10 = 0. Suppose f = -b*n + 6*n - 40. Calculate the remainder when n is divided by 4.
2
What is the remainder when (-1)/((4/4)/(-6)) is divided by -2*(-2)/(-1 - -3)?
0
Let j be -30*(4/5)/(-2). Calculate the remainder when 616/j + (-6)/(-9) is divided by 18.
16
Let a(h) = h**2 - 7. Let b be (-8 + -1)*6/6. What is the remainder when a(b) is divided by 19?
17
Let s(r) = -2*r - 4*r - 2*r. Calculate the remainder when s(-1) is divided by 3.
2
Let a be (-6)/24 + 43/(-4). Let n(u) = -u**3 - 11*u**2 + u + 15. Calculate the remainder when 6 is divided by n(a).
2
Suppose 0 = -j + 3*v + 9 + 23, 5*j + 3*v = 106. What is the remainder when 66 is divided by j?
20
Suppose -l + 4*l = 36. What is the remainder when 47 is di